
False
Is 214253 prime?
False
Is 101005 a composite number?
True
Is 4271 prime?
True
Is 6637 a composite number?
False
Is 300207 a composite number?
True
Is 589439 composite?
False
Is 212137 composite?
True
Is 200699 prime?
True
Is 3589 composite?
True
Is 295 prime?
False
Is 63013 prime?
False
Is 5371 prime?
False
Is 19015 composite?
True
Is 4861 prime?
True
Is 116422 a composite number?
True
Is 6457 a composite number?
True
Is 739663 composite?
True
Is 6239 composite?
True
Is 442711 composite?
True
Is 591 composite?
True
Is 790639 prime?
False
Is 37423 composite?
False
Is 23509 prime?
True
Is 6141727 prime?
True
Is 383393 a composite number?
False
Is 745 a prime number?
False
Is 11667 a prime number?
False
Is 5897 prime?
True
Is 3694523 a composite number?
True
Is 38083 prime?
True
Is 6943 composite?
True
Is 116027 a composite number?
False
Is 250763 a composite number?
True
Is 100001 a composite number?
True
Is 524243 a prime number?
True
Is 1642 prime?
False
Is 5953 composite?
False
Is 202789 a composite number?
True
Is 192349 prime?
False
Is 384533 composite?
False
Is 413773 prime?
False
Is 318337 prime?
True
Is 446722 a prime number?
False
Is 178643 composite?
False
Is 39881 composite?
True
Is 102461 prime?
True
Is 755257 prime?
True
Is 21247 composite?
False
Is 219547 composite?
False
Is 28687 composite?
False
Is 13367 a prime number?
True
Is 14963 a composite number?
True
Is 320179 composite?
False
Is 22343 composite?
False
Is 2002993 a composite number?
False
Is 11657 prime?
True
Is 745 prime?
False
Is 16333 a prime number?
True
Is 147077 composite?
True
Is 222419 composite?
False
Is 75763 prime?
False
Is 7078 prime?
False
Is 630013 composite?
True
Is 1759 a prime number?
True
Is 251627 a composite number?
True
Is 70291 composite?
True
Is 257801 composite?
True
Is 504487 composite?
True
Is 1087143 a composite number?
True
Is 16873 a prime number?
False
Is 49429 a prime number?
True
Is 47339 prime?
True
Is 47933 prime?
True
Is 177286 prime?
False
Is 86477 a prime number?
True
Is 27227 a prime number?
False
Is 505807 composite?
True
Is 70789 prime?
False
Is 68833 prime?
False
Is 84787 composite?
False
Is 9649 composite?
False
Is 70877 a composite number?
False
Is 12205 a composite number?
True
Is 425273 a prime number?
True
Is 43235 a composite number?
True
Is 27733 composite?
False
Is 89 composite?
False
Is 75289 a prime number?
True
Is 101779 a prime number?
False
Is 12319 a composite number?
True
Is 2519 prime?
False
Is 4049 composite?
False
Is 22 a prime number?
False
Is 194289 prime?
False
Is 38903 a prime number?
True
Is 18839 prime?
True
Is 1036511 prime?
False
Is 362105 prime?
False
Is 1187 composite?
False
Is 552971 composite?
False
Is 86539 prime?
True
Is 1514 prime?
False
Is 412771 prime?
True
Is 225281 a composite number?
True
Is 1733519 prime?
True
Is 254827 a composite number?
False
Is 62267 a prime number?
False
Is 74941 prime?
True
Is 443119 a composite number?
True
Is 545757 a composite number?
True
Is 1590749 a composite number?
True
Is 101005 a prime number?
False
Is 673 a composite number?
False
Is 3251 prime?
True
Is 1724969 a composite number?
False
Is 86977 a prime number?
False
Is 3389 composite?
False
Is 665423 prime?
False
Is 655579 prime?
True
Is 55466 composite?
True
Is 777313 a prime number?
True
Is 3791 a composite number?
True
Is 769687 prime?
True
Is 167411 composite?
True
Is 1411963 composite?
True
Is 53137 composite?
True
Is 231503 a prime number?
True
Is 428093 a prime number?
True
Is 11273 a composite number?
False
Is 1608149 a composite number?
True
Is 13259 prime?
True
Is 7807 a prime number?
False
Is 233021 a composite number?
False
Is 4531 a composite number?
True
Is 176677 a prime number?
True
Is 751819 a prime number?
False
Is 58363 prime?
True
Is 453373 composite?
True
Is 1413593 prime?
True
Is 72613 prime?
True
Is 543863 a prime number?
False
Is 55177 a prime number?
False
Is 105109 prime?
False
Is 690089 a prime number?
True
Is 21677 prime?
False
Is 3989 a prime number?
True
Is 489653 a composite number?
False
Is 120349 a prime number?
True
Is 1124845 composite?
True
Is 197179 a prime number?
False
Is 202049 a composite number?
False
Is 2059 prime?
False
Is 6163 prime?
True
Is 17483 prime?
True
Is 5998 a prime number?
False
Is 66683 a composite number?
False
Is 9237 prime?
False
Is 28191 composite?
True
Is 626471 a composite number?
True
Is 5069 prime?
False
Is 554 a composite number?
True
Is 406789 prime?
True
Is 211597 prime?
True
Is 31463 a composite number?
True
Is 205 a prime number?
False
Is 38431 a prime number?
True
Is 3918517 composite?
True
Is 660293 composite?
True
Is 13217 composite?
False
Is 1499 a prime number?
True
Is 75079 a composite number?
False
Is 3019 composite?
False
Is 46601 prime?
True
Is 2461 a composite number?
True
Is 144851 composite?
True
Is 18479 composite?
True
Is 2899 a composite number?
True
Is 167421 a composite number?
True
Is 3907 a composite number?
False
Is 374669 a prime number?
True
Is 248854 prime?
False
Is 19949 a composite number?
False
Is 18037 a prime number?
False
Is 8501 composite?
False
Is 102533 prime?
True
Is 307423 composite?
False
Is 2182 a prime number?
False
Is 52667 a composite number?
False
Is 23159 a prime number?
True
Is 214351 a prime number?
True
Is 778493 a composite number?
True
Is 1349 composite?
True
Is 2285 prime?
False
Is 235429 a composite number?
True
Is 44869 a composite number?
True
Is 230807 composite?
False
Is 8519 a composite number?
True
Is 18773 a composite number?
False
Is 51517 composite?
False
Is 44006 prime?
False
Is 184285 a prime number?
False
Is 698669 composite?
False
Is 5021 a prime number?
True
Is 31751 composite?
False
Is 643547 prime?
True
Is 3022 a composite number?
True
Is 989579 composite?
False
Is 22709 a prime number?
True
Is 1676035 prime?
False
Is 1157 a composite number?
True
Is 417 a prime number?
False
Is 29123 prime?
True
Is 126971 a prime number?
False
Is 911 a prime number?
True
Is 637283 prime?
True
Is 342289 prime?
False
Is 18667 a prime number?
False
Is 1562983 a prime number?
True
Is 40889 prime?
False
Is 3314 a composite number?
True
Is 103459 prime?
False
Is 33869 prime?
False
Is 81505 a composite number?
True
Is 14951 a prime number?
True
Is 611531 prime?
True
Is 82003 composite?
False
Is 16726 composite?
True
Is 67909 a prime number?
False
Is 21139 a composite number?
False
Is 1973 a prime number?
True
Is 9059 a composite number?
False
Is 37441 prime?
True
Is 119429 composite?
False
Is 1130863 prime?
True
Is 107971 prime?
True
Is 14107 a composite number?
False
Is 32831 prime?
True
Is 3991 prime?
False
Is 525101 composite?
False
Is 24155 a prime number?
False
Is 1443899 composite?
False
Is 8887 composite?
False
Is 97793 composite?
True
Is 3487 composite?
True
Is 19913 a prime number?
True
Is 274489 a composite number?
False
Is 26997 prime?
False
Is 3487259 a composite number?
True
Is 22051 a composite number?
False
Is 18463 a composite number?
True
Is 551179 a composite number?
False
Is 104117 a composite number?
True
Is 143941 composite?
True
Is 540961 a prime number?
True
Is 269281 prime?
True
Is 158489 a prime number?
True
Is 12799 a composite number?
False
Is 156157 prime?
True
Is 15611 a composite number?
True
Is 26591 prime?
True
Is 451259 a composite number?
True
Is 1039 a composite number?
False
Is 4621 a composite number?
False
Is 29771 a prime number?
False
Is 645313 a prime number?
True
Is 245827 a composite number?
True
Is 818 a composite number?
True
Is 218923 a prime number?
True
Is 697187 a composite number?
True
Is 32341 a prime number?
True
Is 497033 composite?
True
Is 39439 a composite number?
False
Is 258437 a composite number?
False
Is 162979 composite?
True
Is 3109 prime?
True
Is 3386 composite?
True
Is 3613 a prime number?
True
Is 124519 prime?
False
Is 17938 a composite number?
True
Is 153247 a composite number?
False
Is 3205 a prime number?
False
Is 671542 composite?
True
Is 12677 a prime number?
False
Is 5639 a prime number?
True
Is 81478 a prime number?
False
Is 8191 a prime number?
True
Is 1583107 a composite number?
False
Is 7561 prime?
True
Is 13811 a composite number?
True
Is 88843 composite?
False
Is 6469 a composite number?
False
Is 30601 a prime numb